{"id":626,"date":"2012-01-20T12:14:37","date_gmt":"2012-01-20T11:14:37","guid":{"rendered":"http:\/\/www.macardenete.com\/desarrollo\/?post_type=publicacion&#038;p=626"},"modified":"2023-02-08T18:22:11","modified_gmt":"2023-02-08T17:22:11","slug":"impacto-economico-sobre-la-economia-andaluza-de-la-previsible-reduccion-en-la-percepcion-de-fondos-europeos-a-traves-de-un-modelo-de-equilibrio-general-aplicado-dinamico-2014-2020","status":"publish","type":"publicacion","link":"https:\/\/www.macardenete.com\/es\/publicacion\/impacto-economico-sobre-la-economia-andaluza-de-la-previsible-reduccion-en-la-percepcion-de-fondos-europeos-a-traves-de-un-modelo-de-equilibrio-general-aplicado-dinamico-2014-2020\/","title":{"rendered":"Impacto Econ\u00f3mico sobre la econom\u00eda andaluza de la previsible reducci\u00f3n en la percepci\u00f3n de Fondos Europeos a trav\u00e9s de un Modelo de Equilibrio General Aplicado Din\u00e1mico: 2014-2020"},"content":{"rendered":"","protected":false},"excerpt":{"rendered":"<p>2012<\/p>\n<a class=\"btn btn-primary read-more-button\" href=\"https:\/\/www.macardenete.com\/es\/publicacion\/impacto-economico-sobre-la-economia-andaluza-de-la-previsible-reduccion-en-la-percepcion-de-fondos-europeos-a-traves-de-un-modelo-de-equilibrio-general-aplicado-dinamico-2014-2020\/\">Leer m\u00e1s...<\/a>","protected":false},"featured_media":0,"parent":0,"menu_order":0,"template":"","meta":{"_acf_changed":false,"pgc_meta":"","inline_featured_image":false},"categories":[6,4],"class_list":["post-626","publicacion","type-publicacion","status-publish","hentry","category-documentos-de-trabajo","category-publicaciones"],"acf":[],"jetpack_sharing_enabled":true,"_links":{"self":[{"href":"https:\/\/www.macardenete.com\/es\/wp-json\/wp\/v2\/publicacion\/626","targetHints":{"allow":["GET"]}}],"collection":[{"href":"https:\/\/www.macardenete.com\/es\/wp-json\/wp\/v2\/publicacion"}],"about":[{"href":"https:\/\/www.macardenete.com\/es\/wp-json\/wp\/v2\/types\/publicacion"}],"wp:attachment":[{"href":"https:\/\/www.macardenete.com\/es\/wp-json\/wp\/v2\/media?parent=626"}],"wp:term":[{"taxonomy":"category","embeddable":true,"href":"https:\/\/www.macardenete.com\/es\/wp-json\/wp\/v2\/categories?post=626"}],"curies":[{"name":"wp","href":"https:\/\/api.w.org\/{rel}","templated":true}]}}

Impacto Económico sobre la economía andaluza de la previsible reducción en la percepción de Fondos Europeos a través de un Modelo de Equilibrio General Aplicado Dinámico: 2014-2020

<p>2012</p>
<a class="btn btn-primary read-more-button" href="https://www.macardenete.com/es/publicacion/impacto-economico-sobre-la-economia-andaluza-de-la-previsible-reduccion-en-la-percepcion-de-fondos-europeos-a-traves-de-un-modelo-de-equilibrio-general-aplicado-dinamico-2014-2020/">Leer más...</a>
