{"id":605,"date":"2003-01-20T12:00:44","date_gmt":"2003-01-20T11:00:44","guid":{"rendered":"http:\/\/www.macardenete.com\/desarrollo\/?post_type=publicacion&#038;p=605"},"modified":"2023-02-08T18:26:18","modified_gmt":"2023-02-08T17:26:18","slug":"analisis-de-las-politicas-publicas-a-traves-de-los-modelos-de-equilibrio-general-aplicado-una-revision-evaluacion-de-politicas-publicas-casos-y-reflexiones-para-el-caso-espanol","status":"publish","type":"publicacion","link":"https:\/\/www.macardenete.com\/es\/publicacion\/analisis-de-las-politicas-publicas-a-traves-de-los-modelos-de-equilibrio-general-aplicado-una-revision-evaluacion-de-politicas-publicas-casos-y-reflexiones-para-el-caso-espanol\/","title":{"rendered":"An\u00e1lisis de las pol\u00edticas p\u00fablicas a trav\u00e9s de los modelos de equilibrio general aplicado: una revisi\u00f3n, Evaluaci\u00f3n de pol\u00edticas p\u00fablicas, casos y reflexiones para el caso espa\u00f1ol"},"content":{"rendered":"","protected":false},"excerpt":{"rendered":"<p>2003<\/p>\n<a class=\"btn btn-primary read-more-button\" href=\"https:\/\/www.macardenete.com\/es\/publicacion\/analisis-de-las-politicas-publicas-a-traves-de-los-modelos-de-equilibrio-general-aplicado-una-revision-evaluacion-de-politicas-publicas-casos-y-reflexiones-para-el-caso-espanol\/\">Leer m\u00e1s...<\/a>","protected":false},"featured_media":0,"parent":0,"menu_order":0,"template":"","meta":{"_acf_changed":false,"pgc_meta":"","inline_featured_image":false},"categories":[7,4],"class_list":["post-605","publicacion","type-publicacion","status-publish","hentry","category-libros","category-publicaciones"],"acf":[],"jetpack_sharing_enabled":true,"_links":{"self":[{"href":"https:\/\/www.macardenete.com\/es\/wp-json\/wp\/v2\/publicacion\/605","targetHints":{"allow":["GET"]}}],"collection":[{"href":"https:\/\/www.macardenete.com\/es\/wp-json\/wp\/v2\/publicacion"}],"about":[{"href":"https:\/\/www.macardenete.com\/es\/wp-json\/wp\/v2\/types\/publicacion"}],"wp:attachment":[{"href":"https:\/\/www.macardenete.com\/es\/wp-json\/wp\/v2\/media?parent=605"}],"wp:term":[{"taxonomy":"category","embeddable":true,"href":"https:\/\/www.macardenete.com\/es\/wp-json\/wp\/v2\/categories?post=605"}],"curies":[{"name":"wp","href":"https:\/\/api.w.org\/{rel}","templated":true}]}}

Análisis de las políticas públicas a través de los modelos de equilibrio general aplicado: una revisión, Evaluación de políticas públicas, casos y reflexiones para el caso español

<p>2003</p>
<a class="btn btn-primary read-more-button" href="https://www.macardenete.com/es/publicacion/analisis-de-las-politicas-publicas-a-traves-de-los-modelos-de-equilibrio-general-aplicado-una-revision-evaluacion-de-politicas-publicas-casos-y-reflexiones-para-el-caso-espanol/">Leer más...</a>
