{"id":490,"date":"2005-01-19T10:33:52","date_gmt":"2005-01-19T09:33:52","guid":{"rendered":"http:\/\/www.macardenete.com\/desarrollo\/?post_type=publicacion&#038;p=490"},"modified":"2023-02-08T18:40:39","modified_gmt":"2023-02-08T17:40:39","slug":"estimacion-anual-de-matrices-de-contabilidad-social-social-aplicacion-a-la-economia-espanola-para-los-anos-1995-y-1998","status":"publish","type":"publicacion","link":"https:\/\/www.macardenete.com\/es\/publicacion\/estimacion-anual-de-matrices-de-contabilidad-social-social-aplicacion-a-la-economia-espanola-para-los-anos-1995-y-1998\/","title":{"rendered":"Estimaci\u00f3n Anual de Matrices de Contabilidad Social Social: Aplicaci\u00f3n a la Econom\u00eda Espa\u00f1ola para los a\u00f1os 1995 y 1998"},"content":{"rendered":"","protected":false},"excerpt":{"rendered":"<p>2005<\/p>\n<a class=\"btn btn-primary read-more-button\" href=\"https:\/\/www.macardenete.com\/es\/publicacion\/estimacion-anual-de-matrices-de-contabilidad-social-social-aplicacion-a-la-economia-espanola-para-los-anos-1995-y-1998\/\">Leer m\u00e1s...<\/a>","protected":false},"featured_media":0,"parent":0,"menu_order":0,"template":"","meta":{"_acf_changed":false,"pgc_meta":"","inline_featured_image":false},"categories":[5,4],"class_list":["post-490","publicacion","type-publicacion","status-publish","hentry","category-articulo","category-publicaciones"],"acf":[],"jetpack_sharing_enabled":true,"_links":{"self":[{"href":"https:\/\/www.macardenete.com\/es\/wp-json\/wp\/v2\/publicacion\/490","targetHints":{"allow":["GET"]}}],"collection":[{"href":"https:\/\/www.macardenete.com\/es\/wp-json\/wp\/v2\/publicacion"}],"about":[{"href":"https:\/\/www.macardenete.com\/es\/wp-json\/wp\/v2\/types\/publicacion"}],"wp:attachment":[{"href":"https:\/\/www.macardenete.com\/es\/wp-json\/wp\/v2\/media?parent=490"}],"wp:term":[{"taxonomy":"category","embeddable":true,"href":"https:\/\/www.macardenete.com\/es\/wp-json\/wp\/v2\/categories?post=490"}],"curies":[{"name":"wp","href":"https:\/\/api.w.org\/{rel}","templated":true}]}}

Estimación Anual de Matrices de Contabilidad Social Social: Aplicación a la Economía Española para los años 1995 y 1998

<p>2005</p>
<a class="btn btn-primary read-more-button" href="https://www.macardenete.com/es/publicacion/estimacion-anual-de-matrices-de-contabilidad-social-social-aplicacion-a-la-economia-espanola-para-los-anos-1995-y-1998/">Leer más...</a>
