{"id":489,"date":"2004-01-19T10:33:27","date_gmt":"2004-01-19T09:33:27","guid":{"rendered":"http:\/\/www.macardenete.com\/desarrollo\/?post_type=publicacion&#038;p=489"},"modified":"2023-02-08T18:41:20","modified_gmt":"2023-02-08T17:41:20","slug":"evaluacion-de-una-reduccion-de-las-cuota-empresariales-a-la-seguridad-social-a-nivel-regional-a-traves-de-un-modelo-de-equilibrio-general-aplicado-el-caso-de-andalucia","status":"publish","type":"publicacion","link":"https:\/\/www.macardenete.com\/es\/publicacion\/evaluacion-de-una-reduccion-de-las-cuota-empresariales-a-la-seguridad-social-a-nivel-regional-a-traves-de-un-modelo-de-equilibrio-general-aplicado-el-caso-de-andalucia\/","title":{"rendered":"Evaluaci\u00f3n de una Reducci\u00f3n de las Cuota Empresariales a la Seguridad Social a nivel Regional a trav\u00e9s de un Modelo de Equilibrio General Aplicado: el Caso de Andaluc\u00eda"},"content":{"rendered":"","protected":false},"excerpt":{"rendered":"<p>2004<\/p>\n<a class=\"btn btn-primary read-more-button\" href=\"https:\/\/www.macardenete.com\/es\/publicacion\/evaluacion-de-una-reduccion-de-las-cuota-empresariales-a-la-seguridad-social-a-nivel-regional-a-traves-de-un-modelo-de-equilibrio-general-aplicado-el-caso-de-andalucia\/\">Leer m\u00e1s...<\/a>","protected":false},"featured_media":0,"parent":0,"menu_order":0,"template":"","meta":{"_acf_changed":false,"pgc_meta":"","inline_featured_image":false},"categories":[5,4],"class_list":["post-489","publicacion","type-publicacion","status-publish","hentry","category-articulo","category-publicaciones"],"acf":[],"jetpack_sharing_enabled":true,"_links":{"self":[{"href":"https:\/\/www.macardenete.com\/es\/wp-json\/wp\/v2\/publicacion\/489","targetHints":{"allow":["GET"]}}],"collection":[{"href":"https:\/\/www.macardenete.com\/es\/wp-json\/wp\/v2\/publicacion"}],"about":[{"href":"https:\/\/www.macardenete.com\/es\/wp-json\/wp\/v2\/types\/publicacion"}],"wp:attachment":[{"href":"https:\/\/www.macardenete.com\/es\/wp-json\/wp\/v2\/media?parent=489"}],"wp:term":[{"taxonomy":"category","embeddable":true,"href":"https:\/\/www.macardenete.com\/es\/wp-json\/wp\/v2\/categories?post=489"}],"curies":[{"name":"wp","href":"https:\/\/api.w.org\/{rel}","templated":true}]}}

Evaluación de una Reducción de las Cuota Empresariales a la Seguridad Social a nivel Regional a través de un Modelo de Equilibrio General Aplicado: el Caso de Andalucía

<p>2004</p>
<a class="btn btn-primary read-more-button" href="https://www.macardenete.com/es/publicacion/evaluacion-de-una-reduccion-de-las-cuota-empresariales-a-la-seguridad-social-a-nivel-regional-a-traves-de-un-modelo-de-equilibrio-general-aplicado-el-caso-de-andalucia/">Leer más...</a>
