{"id":7,"date":"2022-12-01T15:54:07","date_gmt":"2022-12-01T15:54:07","guid":{"rendered":"http:\/\/www.macardenete.com\/desarrollo\/?page_id=7"},"modified":"2025-09-09T13:40:04","modified_gmt":"2025-09-09T11:40:04","slug":"bio","status":"publish","type":"page","link":"https:\/\/www.macardenete.com\/es\/bio\/","title":{"rendered":"Bio"},"content":{"rendered":"<div class=\"container-fluid\">\n<div class=\"row py-lg-5\">\n<div class=\"col-12 col-lg-4 order-2 image01-bio p-0 wow slideInLeft\" data-wow-duration=\"2.5s\"><img loading=\"lazy\" decoding=\"async\" class=\"alignnone size-full wp-image-1002\" src=\"http:\/\/www.macardenete.com\/wp-content\/uploads\/2023\/02\/IMG-2299.jpg\" alt=\"\" width=\"1312\" height=\"1342\" srcset=\"https:\/\/www.macardenete.com\/wp-content\/uploads\/2023\/02\/IMG-2299.jpg 1312w, https:\/\/www.macardenete.com\/wp-content\/uploads\/2023\/02\/IMG-2299-293x300.jpg 293w, https:\/\/www.macardenete.com\/wp-content\/uploads\/2023\/02\/IMG-2299-1001x1024.jpg 1001w, https:\/\/www.macardenete.com\/wp-content\/uploads\/2023\/02\/IMG-2299-768x786.jpg 768w\" sizes=\"auto, (max-width: 1312px) 100vw, 1312px\" \/><\/div>\n<div class=\"col-12 col-lg-8 order-lg-2 p-4 p-lg-5\">\n<p class=\"texto destacado-texto-doble\">El Profesor Cardenete es <strong class=\"destacado-texto\">Catedr\u00e1tico de Econom\u00eda de la Universidad Loyola Andaluc\u00eda y de la Universidad Pablo de Olavide<\/strong> (en excedencia). Ha sido recientemente nombrado<strong> Consejero y Presidente de la C\u00e1mara de Cuentas de Andaluc\u00eda<\/strong>. Visiting Research Professor de la Universidad de Georgetown (2023). Fue Consejero de Educaci\u00f3n y Deporte (2022) y anteriormente Viceconsejero de la Vicepresidencia-Consejer\u00eda de Turismo, Regeneraci\u00f3n, Justicia y Administraci\u00f3n Local (2019-2022), ambos cargos de la Junta de Andaluc\u00eda. Miembro del Comit\u00e9 de las Regiones de la Uni\u00f3n Europea, siendo Portavoz de Renew Europe Group en la Comisi\u00f3n NAT del mismo (2019-2022) y Presidente de NECSTouR (2021-2022). Antes de su incursi\u00f3n en la pol\u00edtica, fue Vicerrector de Posgrado y Director Loyola Leadership School de la Universidad Loyola Andaluc\u00eda (2016-2019).<\/p>\n<\/div>\n<\/div>\n<\/div>\n<div class=\"container-fluid\">\n<div class=\"row\">\n<div class=\"col-lg-7 px-4 px-lg-5 pt-5 pb-3 pb-xl-5\">\n<p class=\"texto\">Consigui\u00f3 su Licenciatura en Econom\u00eda y Empresa (1994) en la Universidad de Sevilla, el Doctorado en Econom\u00eda (2000) en la Universidad de Huelva y es tambi\u00e9n Diplomado en Alta Direcci\u00f3n en el Instituto Internacional San Telmo (2011). El tema de su tesis fue \u201cLos modelos de Equilibrio General Aplicados para Andaluc\u00eda\u201d. Vicepresidente de la Sociedad Hispanoamericana Input-Output (desde 2019). Es Acad\u00e9mico Numerario de la Academia Andaluza de Ciencia Regional (desde 2017) y fue su Presidente en 2024. Ha sido tambi\u00e9n Presidente de la Asociaci\u00f3n Andaluza de Ciencia Regional (2016-2019). En 2019 fue elegido Economista Colegiado del A\u00f1o por el Ilustre Colegio de Economistas de Sevilla. Graduado de Honor por la Escuela de Hosteler\u00eda de Sevilla en 2021. Graduado de Honor en el 50 Aniversario de la Faculta de CC. Econ\u00f3micas y Empresariales de la Universidad de Sevilla (2021). Embajador de Honor de NECSTOUR (2022). En 2024 recibi\u00f3 la Medalla de San Raimundo de Pe\u00f1afort por su servicio al Ministerio de Justicia durante la COVID-19.<\/p>\n<p class=\"texto\">En su tarea investigadora, destaca ser Investigador Principal del Grupo de Investigaci\u00f3n CLIMAMODEL SEJ-511 (Modelos Multisectoriales para el Cambio Clim\u00e1tico) (2011-), Investigador Asociado a EUREAL (European Union Regional Economics Applications Laboratory), de GReCS (Grupo de Investigaci\u00f3n en Computaci\u00f3n y Simulaciones) de la Universitat Aut\u00f2noma de Barcelona (2000-2010) y de la C\u00e1tedra de Econom\u00eda de la Energ\u00eda y Medio Ambiente de la Universidad de Sevilla (2017-). Tambi\u00e9n es Distinguished Research Professor de HISPAREAL (Hispalis Regional Economics Applications Laboratory) (desde 2019) e Investigador Asociado del CISE-Universidad Aut\u00f3noma de Coahuila (Mexico) (2018-).<\/p>\n<p class=\"texto\">Ha sido Visiting Research Scholar de la Sophia Univeristy (Jap\u00f3n) (2023-2025), Colegio de M\u00e9xico (2015-2016), Universidad de Strathclyde (Reino Unido) (2011), Regional Economics Applications Laboratory -REAL- de la Universidad de Illinois at Urbana-Champaign (USA) (2002) y de la Universitat Aut\u00f2noma de Barcelona (1998). Ha trabajado como Consultor Externo en la Comisi\u00f3n Europea (2014-2018) y en el Banco Asi\u00e1tico de Desarrollo (2018 y 2022).<\/p>\n<p class=\"texto\">Tambi\u00e9n ha sido Investigador Asociado de CEDRUS-Universidad Autonoma de M\u00e9xico-UNAM (M\u00e9xico) (2016-2019), de la Universidad Aut\u00f3noma de Chile (2016-2018). Economista Senior en el Instituto Europeo de Administraci\u00f3n P\u00fablica (Maastricht, Holanda) (2012-2013) y en la Comisi\u00f3n Europea (JRC-IPTS) (2011-2012).<\/p>\n<p class=\"texto\">Como docente ha sido Profesor de la Universidad Pablo de Olavide (2000-2013), EOI Escuela de Organizaci\u00f3n Industrial (2001-2013) y de la Universidad de Huelva (1995-2000) e impartido numerosos seminarios en distintas universidades, centros de investigaci\u00f3n e instituciones internacionales.<\/p>\n<\/div>\n<div class=\"col-lg-5 p-0 image02-bio d-flex wow slideInRight\" data-wow-duration=\"3s\"><img loading=\"lazy\" decoding=\"async\" class=\"aligncenter size-full wp-image-277 img-100\" src=\"http:\/\/www.macardenete.com\/wp-content\/uploads\/2022\/12\/IMG-1928.jpg\" alt=\"\" width=\"1000\" height=\"1504\" srcset=\"https:\/\/www.macardenete.com\/wp-content\/uploads\/2022\/12\/IMG-1928.jpg 1000w, https:\/\/www.macardenete.com\/wp-content\/uploads\/2022\/12\/IMG-1928-199x300.jpg 199w, https:\/\/www.macardenete.com\/wp-content\/uploads\/2022\/12\/IMG-1928-681x1024.jpg 681w, https:\/\/www.macardenete.com\/wp-content\/uploads\/2022\/12\/IMG-1928-768x1155.jpg 768w\" sizes=\"auto, (max-width: 1000px) 100vw, 1000px\" \/><\/div>\n<\/div>\n<\/div>\n<div class=\"container-fluid \">\n<div class=\"row p-4 p-lg-5\">\n<div class=\"col-xl-1\"><\/div>\n<div class=\"col-lg-6 col-xl-5 p-0\">\n<p class=\"texto\">En cuanto responsabilidades universitarias, ha sido Subdirector de la Universidad Men\u00e9ndez y Pelayo (2001-2004), Director General de la Fundaci\u00f3n Universidad\u2013Sociedad de la Universidad Pablo de Olavide (2004-2006), Director General de Coordinaci\u00f3n y Organizaci\u00f3n Administrativa de la Universidad Pablo de Olavide (2006-2007),<br \/>\nVicepresidente Ejecutivo de Fundaciones de la Universidad Pablo de Olavide, Consejero Delegado de UPOGEST, S.L., empresa de servicios de la Universidad Pablo de Olavide (2007-2011). En la Universidad Loyola fue Director de su Departamento de Econom\u00eda (2013-2016).<\/p>\n<\/div>\n<div class=\"col-lg-6 col-xl-5 p-0\">\n<p class=\"texto\">Asimismo, ha trabajado como Asesor T\u00e9cnico para la Consejer\u00eda de Econom\u00eda de la Junta de Andaluc\u00eda (2002-2005 y 2007-2009), Consejero del Consejo Econ\u00f3mico y Social del Ayuntamiento de Sevilla (2009-2012), Consejero del Instituto de Cartograf\u00eda y Estad\u00edstica de Andaluc\u00eda (2015- 2018), Presidente de la Comisi\u00f3n de Estrategia Empresarial de la Confederaci\u00f3n de Empresarios de Andaluc\u00eda (2014-2018), Presidente de la Comisi\u00f3n de Econom\u00eda del Colegio de Economistas de Sevilla (2018-2019), Miembro de la Junta Directiva del Colegio de Economistas de Sevilla (2018-2019), Presidente de la Comisi\u00f3n de An\u00e1lisis y Prospectiva de la Confederaci\u00f3n de Empresarios de Andaluc\u00eda (2019), Presidente de la Asociaci\u00f3n Andaluza de Ciencia Regional (2014-2020) y Presidente de la Comisi\u00f3n de Econom\u00eda del Colegio de Economistas de Sevilla (2022-2023).<\/p>\n<\/div>\n<\/div>\n<\/div>\n<div class=\"container-fluid\">\n<div class=\"row\">\n<div class=\"col-12 col-lg-5 p-0 image03-bio d-flex wow slideInLeft\" data-wow-duration=\"3s\"><img loading=\"lazy\" decoding=\"async\" class=\"alignnone size-full wp-image-293 img-100\" src=\"http:\/\/www.macardenete.com\/wp-content\/uploads\/2022\/12\/IMG-3153-1.jpg\" alt=\"\" width=\"1280\" height=\"853\" srcset=\"https:\/\/www.macardenete.com\/wp-content\/uploads\/2022\/12\/IMG-3153-1.jpg 1280w, https:\/\/www.macardenete.com\/wp-content\/uploads\/2022\/12\/IMG-3153-1-300x200.jpg 300w, https:\/\/www.macardenete.com\/wp-content\/uploads\/2022\/12\/IMG-3153-1-1024x682.jpg 1024w, https:\/\/www.macardenete.com\/wp-content\/uploads\/2022\/12\/IMG-3153-1-768x512.jpg 768w\" sizes=\"auto, (max-width: 1280px) 100vw, 1280px\" \/><\/div>\n<div class=\"col-lg-7 p-4 p-lg-5\">\n<p class=\"texto\">Es miembro de la Asociaci\u00f3n Espa\u00f1ola de Ciencia Regional, Regional Science Association International, International Input-Output Association (miembro del Comit\u00e9 Ejecutivo, 2016-2019), Sociedad Hispanoamericana de Input-Output (Vicepresidente 2016-2024), Asociaci\u00f3n Andaluza de Ciencia Regional (Presidente de 2014-2020) y Miembro del Consejo Editorial de Journal of Risk and Financial Management, Revista Innovaci\u00f3n, Revista de Estudios Regionales, American Journal of Economics and Business Administration, Revista Portuguesa de Estudios Regionais, Perspectivas Socioecon\u00f3micas, Asian Journal of Economics, Business and Accounting y Editor Asociado de Business Economic Research. Editor Asociado de la Serie de Springer \u00abApplied General Equilibrium Series\u00bb(2018-). Fue Miembro del Comit\u00e9 Editorial del Blog La Riqueza de las Regiones (2015-2018).<\/p>\n<p class=\"texto\">Sus l\u00edneas de investigaci\u00f3n son Modelos Input-Output Models, Modelos sobre Matrices de Contabilidad Social (SAM) y Modelos de Equilibrio General Aplicados (CGE) a nivel internacional, nacional y regional usando como software los programas GAMS, PyIO y SIMSIPSAM.<\/p>\n<\/div>\n<\/div>\n<\/div>\n","protected":false},"excerpt":{"rendered":"<p>El Profesor Cardenete es Catedr\u00e1tico de Econom\u00eda de la Universidad Loyola Andaluc\u00eda y de la Universidad Pablo de Olavide (en excedencia). Ha sido recientemente nombrado Consejero y Presidente de la C\u00e1mara de Cuentas de Andaluc\u00eda. Visiting Research Professor de la Universidad de Georgetown (2023). Fue Consejero de Educaci\u00f3n y Deporte (2022) y anteriormente Viceconsejero de<\/p>\n<a class=\"btn btn-primary read-more-button\" href=\"https:\/\/www.macardenete.com\/es\/bio\/\">Leer m\u00e1s...<\/a>","protected":false},"author":1,"featured_media":0,"parent":0,"menu_order":0,"comment_status":"closed","ping_status":"closed","template":"pages-templates\/empty-page.php","meta":{"_acf_changed":false,"pgc_meta":"","inline_featured_image":false,"footnotes":""},"class_list":["post-7","page","type-page","status-publish","hentry"],"acf":[],"pgc_meta":"","jetpack_sharing_enabled":true,"_links":{"self":[{"href":"https:\/\/www.macardenete.com\/es\/wp-json\/wp\/v2\/pages\/7","targetHints":{"allow":["GET"]}}],"collection":[{"href":"https:\/\/www.macardenete.com\/es\/wp-json\/wp\/v2\/pages"}],"about":[{"href":"https:\/\/www.macardenete.com\/es\/wp-json\/wp\/v2\/types\/page"}],"author":[{"embeddable":true,"href":"https:\/\/www.macardenete.com\/es\/wp-json\/wp\/v2\/users\/1"}],"replies":[{"embeddable":true,"href":"https:\/\/www.macardenete.com\/es\/wp-json\/wp\/v2\/comments?post=7"}],"version-history":[{"count":94,"href":"https:\/\/www.macardenete.com\/es\/wp-json\/wp\/v2\/pages\/7\/revisions"}],"predecessor-version":[{"id":4235,"href":"https:\/\/www.macardenete.com\/es\/wp-json\/wp\/v2\/pages\/7\/revisions\/4235"}],"wp:attachment":[{"href":"https:\/\/www.macardenete.com\/es\/wp-json\/wp\/v2\/media?parent=7"}],"curies":[{"name":"wp","href":"https:\/\/api.w.org\/{rel}","templated":true}]}}

<div class="container-fluid">
<div class="row py-lg-5">
<div class="col-12 col-lg-4 order-2 image01-bio p-0 wow slideInLeft" data-wow-duration="2.5s"><img loading="lazy" decoding="async" class="alignnone size-full wp-image-1002" src="http://www.macardenete.com/wp-content/uploads/2023/02/IMG-2299.jpg" alt="" width="1312" height="1342" srcset="https://www.macardenete.com/wp-content/uploads/2023/02/IMG-2299.jpg 1312w, https://www.macardenete.com/wp-content/uploads/2023/02/IMG-2299-293x300.jpg 293w, https://www.macardenete.com/wp-content/uploads/2023/02/IMG-2299-1001x1024.jpg 1001w, https://www.macardenete.com/wp-content/uploads/2023/02/IMG-2299-768x786.jpg 768w" sizes="auto, (max-width: 1312px) 100vw, 1312px" /></div>
<div class="col-12 col-lg-8 order-lg-2 p-4 p-lg-5">
<p class="texto destacado-texto-doble">El Profesor Cardenete es <strong class="destacado-texto">Catedrático de Economía de la Universidad Loyola Andalucía y de la Universidad Pablo de Olavide</strong> (en excedencia). Ha sido recientemente nombrado<strong> Consejero y Presidente de la Cámara de Cuentas de Andalucía</strong>. Visiting Research Professor de la Universidad de Georgetown (2023). Fue Consejero de Educación y Deporte (2022) y anteriormente Viceconsejero de la Vicepresidencia-Consejería de Turismo, Regeneración, Justicia y Administración Local (2019-2022), ambos cargos de la Junta de Andalucía. Miembro del Comité de las Regiones de la Unión Europea, siendo Portavoz de Renew Europe Group en la Comisión NAT del mismo (2019-2022) y Presidente de NECSTouR (2021-2022). Antes de su incursión en la política, fue Vicerrector de Posgrado y Director Loyola Leadership School de la Universidad Loyola Andalucía (2016-2019).</p>
</div>
</div>
</div>
<div class="container-fluid">
<div class="row">
<div class="col-lg-7 px-4 px-lg-5 pt-5 pb-3 pb-xl-5">
<p class="texto">Consiguió su Licenciatura en Economía y Empresa (1994) en la Universidad de Sevilla, el Doctorado en Economía (2000) en la Universidad de Huelva y es también Diplomado en Alta Dirección en el Instituto Internacional San Telmo (2011). El tema de su tesis fue “Los modelos de Equilibrio General Aplicados para Andalucía”. Vicepresidente de la Sociedad Hispanoamericana Input-Output (desde 2019). Es Académico Numerario de la Academia Andaluza de Ciencia Regional (desde 2017) y fue su Presidente en 2024. Ha sido también Presidente de la Asociación Andaluza de Ciencia Regional (2016-2019). En 2019 fue elegido Economista Colegiado del Año por el Ilustre Colegio de Economistas de Sevilla. Graduado de Honor por la Escuela de Hostelería de Sevilla en 2021. Graduado de Honor en el 50 Aniversario de la Faculta de CC. Económicas y Empresariales de la Universidad de Sevilla (2021). Embajador de Honor de NECSTOUR (2022). En 2024 recibió la Medalla de San Raimundo de Peñafort por su servicio al Ministerio de Justicia durante la COVID-19.</p>
<p class="texto">En su tarea investigadora, destaca ser Investigador Principal del Grupo de Investigación CLIMAMODEL SEJ-511 (Modelos Multisectoriales para el Cambio Climático) (2011-), Investigador Asociado a EUREAL (European Union Regional Economics Applications Laboratory), de GReCS (Grupo de Investigación en Computación y Simulaciones) de la Universitat Autònoma de Barcelona (2000-2010) y de la Cátedra de Economía de la Energía y Medio Ambiente de la Universidad de Sevilla (2017-). También es Distinguished Research Professor de HISPAREAL (Hispalis Regional Economics Applications Laboratory) (desde 2019) e Investigador Asociado del CISE-Universidad Autónoma de Coahuila (Mexico) (2018-).</p>
<p class="texto">Ha sido Visiting Research Scholar de la Sophia Univeristy (Japón) (2023-2025), Colegio de México (2015-2016), Universidad de Strathclyde (Reino Unido) (2011), Regional Economics Applications Laboratory -REAL- de la Universidad de Illinois at Urbana-Champaign (USA) (2002) y de la Universitat Autònoma de Barcelona (1998). Ha trabajado como Consultor Externo en la Comisión Europea (2014-2018) y en el Banco Asiático de Desarrollo (2018 y 2022).</p>
<p class="texto">También ha sido Investigador Asociado de CEDRUS-Universidad Autonoma de México-UNAM (México) (2016-2019), de la Universidad Autónoma de Chile (2016-2018). Economista Senior en el Instituto Europeo de Administración Pública (Maastricht, Holanda) (2012-2013) y en la Comisión Europea (JRC-IPTS) (2011-2012).</p>
<p class="texto">Como docente ha sido Profesor de la Universidad Pablo de Olavide (2000-2013), EOI Escuela de Organización Industrial (2001-2013) y de la Universidad de Huelva (1995-2000) e impartido numerosos seminarios en distintas universidades, centros de investigación e instituciones internacionales.</p>
</div>
<div class="col-lg-5 p-0 image02-bio d-flex wow slideInRight" data-wow-duration="3s"><img loading="lazy" decoding="async" class="aligncenter size-full wp-image-277 img-100" src="http://www.macardenete.com/wp-content/uploads/2022/12/IMG-1928.jpg" alt="" width="1000" height="1504" srcset="https://www.macardenete.com/wp-content/uploads/2022/12/IMG-1928.jpg 1000w, https://www.macardenete.com/wp-content/uploads/2022/12/IMG-1928-199x300.jpg 199w, https://www.macardenete.com/wp-content/uploads/2022/12/IMG-1928-681x1024.jpg 681w, https://www.macardenete.com/wp-content/uploads/2022/12/IMG-1928-768x1155.jpg 768w" sizes="auto, (max-width: 1000px) 100vw, 1000px" /></div>
</div>
</div>
<div class="container-fluid ">
<div class="row p-4 p-lg-5">
<div class="col-xl-1"></div>
<div class="col-lg-6 col-xl-5 p-0">
<p class="texto">En cuanto responsabilidades universitarias, ha sido Subdirector de la Universidad Menéndez y Pelayo (2001-2004), Director General de la Fundación Universidad–Sociedad de la Universidad Pablo de Olavide (2004-2006), Director General de Coordinación y Organización Administrativa de la Universidad Pablo de Olavide (2006-2007),<br />
Vicepresidente Ejecutivo de Fundaciones de la Universidad Pablo de Olavide, Consejero Delegado de UPOGEST, S.L., empresa de servicios de la Universidad Pablo de Olavide (2007-2011). En la Universidad Loyola fue Director de su Departamento de Economía (2013-2016).</p>
</div>
<div class="col-lg-6 col-xl-5 p-0">
<p class="texto">Asimismo, ha trabajado como Asesor Técnico para la Consejería de Economía de la Junta de Andalucía (2002-2005 y 2007-2009), Consejero del Consejo Económico y Social del Ayuntamiento de Sevilla (2009-2012), Consejero del Instituto de Cartografía y Estadística de Andalucía (2015- 2018), Presidente de la Comisión de Estrategia Empresarial de la Confederación de Empresarios de Andalucía (2014-2018), Presidente de la Comisión de Economía del Colegio de Economistas de Sevilla (2018-2019), Miembro de la Junta Directiva del Colegio de Economistas de Sevilla (2018-2019), Presidente de la Comisión de Análisis y Prospectiva de la Confederación de Empresarios de Andalucía (2019), Presidente de la Asociación Andaluza de Ciencia Regional (2014-2020) y Presidente de la Comisión de Economía del Colegio de Economistas de Sevilla (2022-2023).</p>
</div>
</div>
</div>
<div class="container-fluid">
<div class="row">
<div class="col-12 col-lg-5 p-0 image03-bio d-flex wow slideInLeft" data-wow-duration="3s"><img loading="lazy" decoding="async" class="alignnone size-full wp-image-293 img-100" src="http://www.macardenete.com/wp-content/uploads/2022/12/IMG-3153-1.jpg" alt="" width="1280" height="853" srcset="https://www.macardenete.com/wp-content/uploads/2022/12/IMG-3153-1.jpg 1280w, https://www.macardenete.com/wp-content/uploads/2022/12/IMG-3153-1-300x200.jpg 300w, https://www.macardenete.com/wp-content/uploads/2022/12/IMG-3153-1-1024x682.jpg 1024w, https://www.macardenete.com/wp-content/uploads/2022/12/IMG-3153-1-768x512.jpg 768w" sizes="auto, (max-width: 1280px) 100vw, 1280px" /></div>
<div class="col-lg-7 p-4 p-lg-5">
<p class="texto">Es miembro de la Asociación Española de Ciencia Regional, Regional Science Association International, International Input-Output Association (miembro del Comité Ejecutivo, 2016-2019), Sociedad Hispanoamericana de Input-Output (Vicepresidente 2016-2024), Asociación Andaluza de Ciencia Regional (Presidente de 2014-2020) y Miembro del Consejo Editorial de Journal of Risk and Financial Management, Revista Innovación, Revista de Estudios Regionales, American Journal of Economics and Business Administration, Revista Portuguesa de Estudios Regionais, Perspectivas Socioeconómicas, Asian Journal of Economics, Business and Accounting y Editor Asociado de Business Economic Research. Editor Asociado de la Serie de Springer «Applied General Equilibrium Series»(2018-). Fue Miembro del Comité Editorial del Blog La Riqueza de las Regiones (2015-2018).</p>
<p class="texto">Sus líneas de investigación son Modelos Input-Output Models, Modelos sobre Matrices de Contabilidad Social (SAM) y Modelos de Equilibrio General Aplicados (CGE) a nivel internacional, nacional y regional usando como software los programas GAMS, PyIO y SIMSIPSAM.</p>
</div>
</div>
</div>

<p>El Profesor Cardenete es Catedrático de Economía de la Universidad Loyola Andalucía y de la Universidad Pablo de Olavide (en excedencia). Ha sido recientemente nombrado Consejero y Presidente de la Cámara de Cuentas de Andalucía. Visiting Research Professor de la Universidad de Georgetown (2023). Fue Consejero de Educación y Deporte (2022) y anteriormente Viceconsejero de</p>
<a class="btn btn-primary read-more-button" href="https://www.macardenete.com/es/bio/">Leer más...</a>
