{"id":860,"date":"2010-01-23T17:42:06","date_gmt":"2010-01-23T16:42:06","guid":{"rendered":"http:\/\/www.macardenete.com\/desarrollo\/?post_type=congreso&#038;p=860"},"modified":"2023-02-08T23:05:05","modified_gmt":"2023-02-08T22:05:05","slug":"iv-reunion-de-la-asociacion-de-economia-energetica-espanola","status":"publish","type":"congreso","link":"https:\/\/www.macardenete.com\/es\/congreso\/iv-reunion-de-la-asociacion-de-economia-energetica-espanola\/","title":{"rendered":"IV Reuni\u00f3n de la Asociaci\u00f3n de Econom\u00eda Energ\u00e9tica Espa\u00f1ola"},"content":{"rendered":"","protected":false},"excerpt":{"rendered":"<p>2010<\/p>\n<a class=\"btn btn-primary read-more-button\" href=\"https:\/\/www.macardenete.com\/es\/congreso\/iv-reunion-de-la-asociacion-de-economia-energetica-espanola\/\">Leer m\u00e1s...<\/a>","protected":false},"featured_media":0,"parent":0,"menu_order":0,"template":"","categories":[8,10],"class_list":["post-860","congreso","type-congreso","status-publish","hentry","category-congresos","category-presentaciones"],"acf":[],"jetpack_sharing_enabled":true,"_links":{"self":[{"href":"https:\/\/www.macardenete.com\/es\/wp-json\/wp\/v2\/congreso\/860","targetHints":{"allow":["GET"]}}],"collection":[{"href":"https:\/\/www.macardenete.com\/es\/wp-json\/wp\/v2\/congreso"}],"about":[{"href":"https:\/\/www.macardenete.com\/es\/wp-json\/wp\/v2\/types\/congreso"}],"wp:attachment":[{"href":"https:\/\/www.macardenete.com\/es\/wp-json\/wp\/v2\/media?parent=860"}],"wp:term":[{"taxonomy":"category","embeddable":true,"href":"https:\/\/www.macardenete.com\/es\/wp-json\/wp\/v2\/categories?post=860"}],"curies":[{"name":"wp","href":"https:\/\/api.w.org\/{rel}","templated":true}]}}

IV Reunión de la Asociación de Economía Energética Española

<p>2010</p>
<a class="btn btn-primary read-more-button" href="https://www.macardenete.com/es/congreso/iv-reunion-de-la-asociacion-de-economia-energetica-espanola/">Leer más...</a>
