{"id":851,"date":"2008-01-23T12:17:18","date_gmt":"2008-01-23T11:17:18","guid":{"rendered":"http:\/\/www.macardenete.com\/desarrollo\/?post_type=congreso&#038;p=851"},"modified":"2023-02-08T23:19:18","modified_gmt":"2023-02-08T22:19:18","slug":"xxxiv-reunion-de-estudios-regionales-asociacion-espanola-de-ciencia-regional-universidad-de-jaen","status":"publish","type":"congreso","link":"https:\/\/www.macardenete.com\/es\/congreso\/xxxiv-reunion-de-estudios-regionales-asociacion-espanola-de-ciencia-regional-universidad-de-jaen\/","title":{"rendered":"XXXIV Reuni\u00f3n de Estudios Regionales, Asociaci\u00f3n Espa\u00f1ola de Ciencia Regional, Universidad de Ja\u00e9n"},"content":{"rendered":"","protected":false},"excerpt":{"rendered":"<p>2008<\/p>\n<a class=\"btn btn-primary read-more-button\" href=\"https:\/\/www.macardenete.com\/es\/congreso\/xxxiv-reunion-de-estudios-regionales-asociacion-espanola-de-ciencia-regional-universidad-de-jaen\/\">Leer m\u00e1s...<\/a>","protected":false},"featured_media":0,"parent":0,"menu_order":0,"template":"","categories":[8,10],"class_list":["post-851","congreso","type-congreso","status-publish","hentry","category-congresos","category-presentaciones"],"acf":[],"jetpack_sharing_enabled":true,"_links":{"self":[{"href":"https:\/\/www.macardenete.com\/es\/wp-json\/wp\/v2\/congreso\/851","targetHints":{"allow":["GET"]}}],"collection":[{"href":"https:\/\/www.macardenete.com\/es\/wp-json\/wp\/v2\/congreso"}],"about":[{"href":"https:\/\/www.macardenete.com\/es\/wp-json\/wp\/v2\/types\/congreso"}],"wp:attachment":[{"href":"https:\/\/www.macardenete.com\/es\/wp-json\/wp\/v2\/media?parent=851"}],"wp:term":[{"taxonomy":"category","embeddable":true,"href":"https:\/\/www.macardenete.com\/es\/wp-json\/wp\/v2\/categories?post=851"}],"curies":[{"name":"wp","href":"https:\/\/api.w.org\/{rel}","templated":true}]}}

XXXIV Reunión de Estudios Regionales, Asociación Española de Ciencia Regional, Universidad de Jaén

<p>2008</p>
<a class="btn btn-primary read-more-button" href="https://www.macardenete.com/es/congreso/xxxiv-reunion-de-estudios-regionales-asociacion-espanola-de-ciencia-regional-universidad-de-jaen/">Leer más...</a>
