{"id":834,"date":"2005-01-23T12:10:02","date_gmt":"2005-01-23T11:10:02","guid":{"rendered":"http:\/\/www.macardenete.com\/desarrollo\/?post_type=congreso&#038;p=834"},"modified":"2023-02-08T23:18:34","modified_gmt":"2023-02-08T22:18:34","slug":"xxviii-simposio-de-analisis-economico-departamento-de-fundamentos-del-analisis-economico-universidad-de-murcia","status":"publish","type":"congreso","link":"https:\/\/www.macardenete.com\/es\/congreso\/xxviii-simposio-de-analisis-economico-departamento-de-fundamentos-del-analisis-economico-universidad-de-murcia\/","title":{"rendered":"XXVIII Simposio de An\u00e1lisis Econ\u00f3mico, Departamento de Fundamentos del An\u00e1lisis Econ\u00f3mico, Universidad de Murcia"},"content":{"rendered":"","protected":false},"excerpt":{"rendered":"<p>2005<\/p>\n<a class=\"btn btn-primary read-more-button\" href=\"https:\/\/www.macardenete.com\/es\/congreso\/xxviii-simposio-de-analisis-economico-departamento-de-fundamentos-del-analisis-economico-universidad-de-murcia\/\">Leer m\u00e1s...<\/a>","protected":false},"featured_media":0,"parent":0,"menu_order":0,"template":"","categories":[8,10],"class_list":["post-834","congreso","type-congreso","status-publish","hentry","category-congresos","category-presentaciones"],"acf":[],"jetpack_sharing_enabled":true,"_links":{"self":[{"href":"https:\/\/www.macardenete.com\/es\/wp-json\/wp\/v2\/congreso\/834","targetHints":{"allow":["GET"]}}],"collection":[{"href":"https:\/\/www.macardenete.com\/es\/wp-json\/wp\/v2\/congreso"}],"about":[{"href":"https:\/\/www.macardenete.com\/es\/wp-json\/wp\/v2\/types\/congreso"}],"wp:attachment":[{"href":"https:\/\/www.macardenete.com\/es\/wp-json\/wp\/v2\/media?parent=834"}],"wp:term":[{"taxonomy":"category","embeddable":true,"href":"https:\/\/www.macardenete.com\/es\/wp-json\/wp\/v2\/categories?post=834"}],"curies":[{"name":"wp","href":"https:\/\/api.w.org\/{rel}","templated":true}]}}

XXVIII Simposio de Análisis Económico, Departamento de Fundamentos del Análisis Económico, Universidad de Murcia

<p>2005</p>
<a class="btn btn-primary read-more-button" href="https://www.macardenete.com/es/congreso/xxviii-simposio-de-analisis-economico-departamento-de-fundamentos-del-analisis-economico-universidad-de-murcia/">Leer más...</a>
