{"id":806,"date":"1998-01-23T00:46:49","date_gmt":"1998-01-22T23:46:49","guid":{"rendered":"http:\/\/www.macardenete.com\/desarrollo\/?post_type=congreso&#038;p=806"},"modified":"2023-02-08T23:11:54","modified_gmt":"2023-02-08T22:11:54","slug":"xii-reunion-asepelt-espana-facultad-de-ciencias-empresariales-etea-universidad-de-cordoba","status":"publish","type":"congreso","link":"https:\/\/www.macardenete.com\/es\/congreso\/xii-reunion-asepelt-espana-facultad-de-ciencias-empresariales-etea-universidad-de-cordoba\/","title":{"rendered":"XII Reuni\u00f3n ASEPELT-Espa\u00f1a, Facultad de Ciencias Empresariales-ETEA, Universidad de C\u00f3rdoba"},"content":{"rendered":"","protected":false},"excerpt":{"rendered":"<p>1998<\/p>\n<a class=\"btn btn-primary read-more-button\" href=\"https:\/\/www.macardenete.com\/es\/congreso\/xii-reunion-asepelt-espana-facultad-de-ciencias-empresariales-etea-universidad-de-cordoba\/\">Leer m\u00e1s...<\/a>","protected":false},"featured_media":0,"parent":0,"menu_order":0,"template":"","categories":[8,10],"class_list":["post-806","congreso","type-congreso","status-publish","hentry","category-congresos","category-presentaciones"],"acf":[],"jetpack_sharing_enabled":true,"_links":{"self":[{"href":"https:\/\/www.macardenete.com\/es\/wp-json\/wp\/v2\/congreso\/806","targetHints":{"allow":["GET"]}}],"collection":[{"href":"https:\/\/www.macardenete.com\/es\/wp-json\/wp\/v2\/congreso"}],"about":[{"href":"https:\/\/www.macardenete.com\/es\/wp-json\/wp\/v2\/types\/congreso"}],"wp:attachment":[{"href":"https:\/\/www.macardenete.com\/es\/wp-json\/wp\/v2\/media?parent=806"}],"wp:term":[{"taxonomy":"category","embeddable":true,"href":"https:\/\/www.macardenete.com\/es\/wp-json\/wp\/v2\/categories?post=806"}],"curies":[{"name":"wp","href":"https:\/\/api.w.org\/{rel}","templated":true}]}}

XII Reunión ASEPELT-España, Facultad de Ciencias Empresariales-ETEA, Universidad de Córdoba

<p>1998</p>
<a class="btn btn-primary read-more-button" href="https://www.macardenete.com/es/congreso/xii-reunion-asepelt-espana-facultad-de-ciencias-empresariales-etea-universidad-de-cordoba/">Leer más...</a>
