{"id":803,"date":"1996-01-23T00:45:49","date_gmt":"1996-01-22T23:45:49","guid":{"rendered":"http:\/\/www.macardenete.com\/desarrollo\/?post_type=congreso&#038;p=803"},"modified":"2023-02-08T23:03:16","modified_gmt":"2023-02-08T22:03:16","slug":"iii-encuentro-de-economia-del-sector-publico-dpto-de-teoria-economica-y-economia-politica-universidad-de-sevilla","status":"publish","type":"congreso","link":"https:\/\/www.macardenete.com\/es\/congreso\/iii-encuentro-de-economia-del-sector-publico-dpto-de-teoria-economica-y-economia-politica-universidad-de-sevilla\/","title":{"rendered":"III Encuentro de Econom\u00eda del Sector P\u00fablico, Dpto. de Teor\u00eda Econ\u00f3mica y Econom\u00eda Pol\u00edtica, Universidad de Sevilla"},"content":{"rendered":"","protected":false},"excerpt":{"rendered":"<p>1996<\/p>\n<a class=\"btn btn-primary read-more-button\" href=\"https:\/\/www.macardenete.com\/es\/congreso\/iii-encuentro-de-economia-del-sector-publico-dpto-de-teoria-economica-y-economia-politica-universidad-de-sevilla\/\">Leer m\u00e1s...<\/a>","protected":false},"featured_media":0,"parent":0,"menu_order":0,"template":"","categories":[8,10],"class_list":["post-803","congreso","type-congreso","status-publish","hentry","category-congresos","category-presentaciones"],"acf":[],"jetpack_sharing_enabled":true,"_links":{"self":[{"href":"https:\/\/www.macardenete.com\/es\/wp-json\/wp\/v2\/congreso\/803","targetHints":{"allow":["GET"]}}],"collection":[{"href":"https:\/\/www.macardenete.com\/es\/wp-json\/wp\/v2\/congreso"}],"about":[{"href":"https:\/\/www.macardenete.com\/es\/wp-json\/wp\/v2\/types\/congreso"}],"wp:attachment":[{"href":"https:\/\/www.macardenete.com\/es\/wp-json\/wp\/v2\/media?parent=803"}],"wp:term":[{"taxonomy":"category","embeddable":true,"href":"https:\/\/www.macardenete.com\/es\/wp-json\/wp\/v2\/categories?post=803"}],"curies":[{"name":"wp","href":"https:\/\/api.w.org\/{rel}","templated":true}]}}

III Encuentro de Economía del Sector Público, Dpto. de Teoría Económica y Economía Política, Universidad de Sevilla

<p>1996</p>
<a class="btn btn-primary read-more-button" href="https://www.macardenete.com/es/congreso/iii-encuentro-de-economia-del-sector-publico-dpto-de-teoria-economica-y-economia-politica-universidad-de-sevilla/">Leer más...</a>
