{"id":8,"date":"2023-03-14T22:24:18","date_gmt":"2023-03-14T22:24:18","guid":{"rendered":"https:\/\/www.macardenete.com\/climamodel\/?page_id=8"},"modified":"2023-06-09T09:55:39","modified_gmt":"2023-06-09T07:55:39","slug":"home","status":"publish","type":"page","link":"https:\/\/www.macardenete.com\/climamodel\/","title":{"rendered":"Home"},"content":{"rendered":"<div class=\"container-fluid home-slider\">\n<div class=\"row p-0 d-flex justify-content-center\">\n<a href=\"#salto\" class=\"bajar\"><i class=\"fa fa-arrow-down\"><\/i><\/a><\/p>\n<div class=\"titulo\">\n<h1> CLIMAMODEL, Modelizaci\u00f3n Multisectorial y Cambio Clim\u00e1tico SEJ-511<\/h1>\n<\/div>\n<p><img loading=\"lazy\" decoding=\"async\" src=\"https:\/\/www.macardenete.com\/climamodel\/wp-content\/uploads\/2023\/03\/fondo-home-climamodel.jpg\" alt=\"\" width=\"1600\" height=\"1035\" class=\"alignnone size-full wp-image-28 pt-md-5 px-0\" \/>\n<\/div>\n<\/div>\n<div class=\"container-fluid pt-lg-5 mt-4\" id=\"salto\">\n<div class=\"row\">\n<div class=\"col-md-12 text-center d-flex justify-content-center align-items-center\">\n<p class=\"texto px-3 px-lg-5 m-0\"><img loading=\"lazy\" decoding=\"async\" src=\"https:\/\/www.macardenete.com\/climamodel\/wp-content\/uploads\/2023\/04\/Marca-UPO-Horizontal.png\" alt=\"\" width=\"150\" height=\"820\" class=\"alignnone size-full wp-image-118\" \/><\/p>\n<p class=\"texto px-3 px-lg-5 m-0\"><img loading=\"lazy\" decoding=\"async\" src=\"https:\/\/www.macardenete.com\/climamodel\/wp-content\/uploads\/2023\/04\/logo-loyola.png\" alt=\"\" width=\"150\" height=\"759\" class=\"alignnone size-full wp-image-135\" \/><\/p>\n<p class=\"texto px-3 px-lg-5 m-0\"><img loading=\"lazy\" decoding=\"async\" src=\"https:\/\/www.macardenete.com\/climamodel\/wp-content\/uploads\/2023\/04\/Logo_US.png\" alt=\"\" width=\"120\" height=\"660\" class=\"alignnone size-full wp-image-120\" \/><\/p>\n<\/div>\n<\/div>\n<\/div>\n<div class=\"container-fluid home-somos py-2 py-lg-5\">\n<div class=\"row\">\n<div class=\"col-lg-2\"><\/div>\n<div class=\"col-md-12 col-lg-8 p-4 p-lg-5\">\n<h2 class=\"text-center mb-3\"><img loading=\"lazy\" decoding=\"async\" src=\"https:\/\/www.macardenete.com\/climamodel\/wp-content\/uploads\/2023\/03\/business-people.png\" alt=\"\" width=\"60\" height=\"512\" class=\"alignnone size-full wp-image-34 pr-3\" \/>WE ARE<\/h2>\n<p class=\"texto text-justify\">ClimaModel SEJ-511 is a Research Group supported by Junta de Andaluc\u00eda (Andalusian Regional Government) in Spain since 2011, which includes researchers and professors from the Loyola University, Pablo de Olavide University, and University of Seville. The main research focuses on environmental issues, climate change, and public policies through multisectoral models. Also carries out consultancy and knowledge transfer tasks in the fields. <\/p>\n<p class=\"p-0 m-0 text-center\"><a href=\"\/member\">+ More<\/a><\/p>\n<\/div>\n<\/div>\n<\/div>\n<div class=\"container-fluid home-noticias\">\n<div class=\"row\">\n<div class=\"col-md-12 p-5\">\n<h2 class=\"text-center mb-5\"> Latest news<\/h2>\n      <div id=\"post-grid-lazy-66\" class=\"post-grid-lazy\"><img decoding=\"async\" alt=\"\" src=\"\" \/><\/div>\n    <script>\n      jQuery('#post-grid-lazy-66').ready(function($) {\n        $('#post-grid-lazy-66').fadeOut();\n        $('#post-grid-66   ').fadeIn();\n      })\n    <\/script>\n    <style type=\"text\/css\">\n      #post-grid-66 {\n        display: none;\n      }\n\n      .post-grid-lazy {\n        text-align: center;\n      }\n    <\/style>\n    <div data-options='{&quot;id&quot;:&quot;66&quot;,&quot;lazy_load&quot;:&quot;yes&quot;,&quot;masonry_enable&quot;:&quot;no&quot;,&quot;view_type&quot;:&quot;grid&quot;}' id=\"post-grid-66\" class=\"post-grid grid\">\n        <div class=\"grid-items\">\n      <div class=\"item item-210 skin flat even 0 \">\n        <div class=\"layer-wrapper layout-71\">\n      <div class=\" element_1679590396797\"\n  id=\"\">\n  <div class=\"element element_1679590441036  thumb_link \">\n    <a target=\"_self\" href=\"https:\/\/www.macardenete.com\/climamodel\/presentacion-sobre-el-impacto-de-la-subida-energetica-en-la-economia-espanola-en-el-congreso-ecomod\/\"><img decoding=\"async\"\n      alt=\"\" src=\"https:\/\/www.macardenete.com\/climamodel\/wp-content\/uploads\/2023\/05\/money-g73303c8b2_1280-1-1024x661.jpg\"><\/a>\n\n  \n\n<\/div>\n<div class=\"element element_1679590450341  title_link \">\n    <a target=\"_self\"\n    href=\"https:\/\/www.macardenete.com\/climamodel\/presentacion-sobre-el-impacto-de-la-subida-energetica-en-la-economia-espanola-en-el-congreso-ecomod\/\">Presentaci\u00f3n sobre el impacto de la subida energ\u00e9tica en la econom\u00eda espa\u00f1ola en el congreso ECOMOD<\/a>\n  <\/div>\n<\/div>\n    <\/div>\n  <\/div><div class=\"item item-207 skin flat odd 1 \">\n        <div class=\"layer-wrapper layout-71\">\n      <div class=\" element_1679590396797\"\n  id=\"\">\n  <div class=\"element element_1679590441036  thumb_link \">\n    <a target=\"_self\" href=\"https:\/\/www.macardenete.com\/climamodel\/climamodel-presenta-un-estudio-sobre-el-impacto-de-la-sequia-en-espana\/\"><img decoding=\"async\"\n      alt=\"\" src=\"https:\/\/www.macardenete.com\/climamodel\/wp-content\/uploads\/2023\/05\/4k-gf7bcfc1ef_1280-1-1024x682.jpg\"><\/a>\n\n  \n\n<\/div>\n<div class=\"element element_1679590450341  title_link \">\n    <a target=\"_self\"\n    href=\"https:\/\/www.macardenete.com\/climamodel\/climamodel-presenta-un-estudio-sobre-el-impacto-de-la-sequia-en-espana\/\">Climamodel presenta un estudio sobre el impacto de la sequ\u00eda en Espa\u00f1a<\/a>\n  <\/div>\n<\/div>\n    <\/div>\n  <\/div><div class=\"item item-202 skin flat even 2 \">\n        <div class=\"layer-wrapper layout-71\">\n      <div class=\" element_1679590396797\"\n  id=\"\">\n  <div class=\"element element_1679590441036  thumb_link \">\n    <a target=\"_self\" href=\"https:\/\/www.macardenete.com\/climamodel\/el-profesor-cardenete-impartira-un-modulo-sobre-input-output-y-matices-de-contabilidad-social-en-el-congreso-internacional-input-output-a-celebrar-en-cerdena-italia\/\"><img decoding=\"async\"\n      alt=\"\" src=\"https:\/\/www.macardenete.com\/climamodel\/wp-content\/uploads\/2023\/05\/italy-gc80c641ac_1280-1-1024x654.jpg\"><\/a>\n\n  \n\n<\/div>\n<div class=\"element element_1679590450341  title_link \">\n    <a target=\"_self\"\n    href=\"https:\/\/www.macardenete.com\/climamodel\/el-profesor-cardenete-impartira-un-modulo-sobre-input-output-y-matices-de-contabilidad-social-en-el-congreso-internacional-input-output-a-celebrar-en-cerdena-italia\/\">El Profesor Cardenete impartir\u00e1 un m\u00f3dulo sobre Input-Output y Matices de Contabilidad Social en el Congreso Internacional Input-Output a celebrar en Cerde\u00f1a (Italia)<\/a>\n  <\/div>\n<\/div>\n    <\/div>\n  <\/div>    <\/div>\n    <div class=\"pagination\">\n      <div class=\"paginate\">\n      <\/div>\n  <style type=\"text\/css\">\n    #post-grid-66 .pagination .page-numbers {\n      font-size: 16px;\n      color: #fff;\n      background: #646464;\n    }\n\n    #post-grid-66 .pagination .page-numbers:hover,\n    #post-grid-66 .pagination .page-numbers.current {\n      background: #4b4b4b;\n    }\n  <\/style>\n  <\/div>\n  <style type=\"text\/css\">\n  .layout-71 .element_1679590396797 {\n      }\n\n    <\/style>\n  <style type=\"text\/css\">\n.layout-71 .element_1679590441036 {\n  overflow: hidden;\n  }\n\n.layout-71 .element_1679590441036 img {\n  max-width: 100%;\n  height: auto;\n}\n\n@media only screen and (min-width: 1024px) {\n  .layout-71 .element_1679590441036 {\n      }\n}\n\n@media only screen and (min-width: 768px) and (max-width: 1023px) {\n  .layout-71 .element_1679590441036 {\n      }\n}\n\n@media only screen and (min-width: 0px) and (max-width: 767px) {\n  .layout-71 .element_1679590441036 {\n      }\n}\n<\/style>\n<style type=\"text\/css\">\n.layout-71 .element_1679590450341 {\n  text-align: left;\n  }\n\n.layout-71 .element_1679590450341 a {\n  }\n<\/style>\n\n\n  \n\n    <script>\n          <\/script>\n    <style type=\"text\/css\">\n    #post-grid-66 {\n          }\n\n    #post-grid-66 .item {\n      padding: 0px;\n      background: #fff;\n          }\n\n    #post-grid-66 .item .layer-media {\n      height:auto;    }\n\n    @media only screen and (min-width: 0px) and (max-width: 767px) {\n      #post-grid-66 .grid-items {\n        display: grid;\n        grid-template-columns: 1fr ;\n        column-gap: 45px;\n        row-gap: 45px;\n              }\n\n      #post-grid-66 .item {\n        height:auto;      }\n    }\n\n    @media only screen and (min-width: 768px) and (max-width: 1023px) {\n      #post-grid-66 .grid-items {\n        display: grid;\n        grid-template-columns: 1fr 1fr ;\n        column-gap: 45px;\n        row-gap: 45px;\n              }\n\n      #post-grid-66 .item {\n        max-height:auto;      }\n    }\n\n    @media only screen and (min-width: 1024px) {\n      #post-grid-66 .grid-items {\n        display: grid;\n        grid-template-columns: 1fr 1fr 1fr ;\n        column-gap: 45px;\n        row-gap: 45px;\n              }\n\n      #post-grid-66 .item {\n        height:auto;      }\n    }\n\n      <\/style>\n  <\/div>\n<\/div>\n<\/div>\n<\/div>\n","protected":false},"excerpt":{"rendered":"<p>CLIMAMODEL, Modelizaci\u00f3n Multisectorial y Cambio Clim\u00e1tico SEJ-511 WE ARE ClimaModel SEJ-511 is a Research Group supported by Junta de Andaluc\u00eda (Andalusian Regional Government) in Spain since 2011, which includes researchers and professors from the Loyola University, Pablo de Olavide University, and University of Seville. The main research focuses on environmental issues, climate change, and public<\/p>\n<a class=\"btn btn-primary read-more-button\" href=\"https:\/\/www.macardenete.com\/climamodel\/el-profesor-cardenete-impartira-un-modulo-sobre-input-output-y-matices-de-contabilidad-social-en-el-congreso-internacional-input-output-a-celebrar-en-cerdena-italia\/\">Leer m\u00e1s...<\/a>","protected":false},"author":1,"featured_media":0,"parent":0,"menu_order":0,"comment_status":"closed","ping_status":"closed","template":"pages-templates\/empty-page.php","meta":{"_acf_changed":false,"pgc_meta":"","inline_featured_image":false,"footnotes":""},"class_list":["post-8","page","type-page","status-publish","hentry"],"acf":[],"pgc_meta":"","_links":{"self":[{"href":"https:\/\/www.macardenete.com\/climamodel\/wp-json\/wp\/v2\/pages\/8","targetHints":{"allow":["GET"]}}],"collection":[{"href":"https:\/\/www.macardenete.com\/climamodel\/wp-json\/wp\/v2\/pages"}],"about":[{"href":"https:\/\/www.macardenete.com\/climamodel\/wp-json\/wp\/v2\/types\/page"}],"author":[{"embeddable":true,"href":"https:\/\/www.macardenete.com\/climamodel\/wp-json\/wp\/v2\/users\/1"}],"replies":[{"embeddable":true,"href":"https:\/\/www.macardenete.com\/climamodel\/wp-json\/wp\/v2\/comments?post=8"}],"version-history":[{"count":71,"href":"https:\/\/www.macardenete.com\/climamodel\/wp-json\/wp\/v2\/pages\/8\/revisions"}],"predecessor-version":[{"id":247,"href":"https:\/\/www.macardenete.com\/climamodel\/wp-json\/wp\/v2\/pages\/8\/revisions\/247"}],"wp:attachment":[{"href":"https:\/\/www.macardenete.com\/climamodel\/wp-json\/wp\/v2\/media?parent=8"}],"curies":[{"name":"wp","href":"https:\/\/api.w.org\/{rel}","templated":true}]}}

<div class="container-fluid home-slider">
<div class="row p-0 d-flex justify-content-center">
<a href="#salto" class="bajar"><i class="fa fa-arrow-down"></i></a></p>
<div class="titulo">
<h1> CLIMAMODEL, Modelización Multisectorial y Cambio Climático SEJ-511</h1>
</div>
<p><img loading="lazy" decoding="async" src="https://www.macardenete.com/climamodel/wp-content/uploads/2023/03/fondo-home-climamodel.jpg" alt="" width="1600" height="1035" class="alignnone size-full wp-image-28 pt-md-5 px-0" />
</div>
</div>
<div class="container-fluid pt-lg-5 mt-4" id="salto">
<div class="row">
<div class="col-md-12 text-center d-flex justify-content-center align-items-center">
<p class="texto px-3 px-lg-5 m-0"><img loading="lazy" decoding="async" src="https://www.macardenete.com/climamodel/wp-content/uploads/2023/04/Marca-UPO-Horizontal.png" alt="" width="150" height="820" class="alignnone size-full wp-image-118" /></p>
<p class="texto px-3 px-lg-5 m-0"><img loading="lazy" decoding="async" src="https://www.macardenete.com/climamodel/wp-content/uploads/2023/04/logo-loyola.png" alt="" width="150" height="759" class="alignnone size-full wp-image-135" /></p>
<p class="texto px-3 px-lg-5 m-0"><img loading="lazy" decoding="async" src="https://www.macardenete.com/climamodel/wp-content/uploads/2023/04/Logo_US.png" alt="" width="120" height="660" class="alignnone size-full wp-image-120" /></p>
</div>
</div>
</div>
<div class="container-fluid home-somos py-2 py-lg-5">
<div class="row">
<div class="col-lg-2"></div>
<div class="col-md-12 col-lg-8 p-4 p-lg-5">
<h2 class="text-center mb-3"><img loading="lazy" decoding="async" src="https://www.macardenete.com/climamodel/wp-content/uploads/2023/03/business-people.png" alt="" width="60" height="512" class="alignnone size-full wp-image-34 pr-3" />WE ARE</h2>
<p class="texto text-justify">ClimaModel SEJ-511 is a Research Group supported by Junta de Andalucía (Andalusian Regional Government) in Spain since 2011, which includes researchers and professors from the Loyola University, Pablo de Olavide University, and University of Seville. The main research focuses on environmental issues, climate change, and public policies through multisectoral models. Also carries out consultancy and knowledge transfer tasks in the fields. </p>
<p class="p-0 m-0 text-center"><a href="/member">+ More</a></p>
</div>
</div>
</div>
<div class="container-fluid home-noticias">
<div class="row">
<div class="col-md-12 p-5">
<h2 class="text-center mb-5"> Latest news</h2>
      <div id="post-grid-lazy-66" class="post-grid-lazy"><img decoding="async" alt="" src="" /></div>
    <script>
      jQuery('#post-grid-lazy-66').ready(function($) {
        $('#post-grid-lazy-66').fadeOut();
        $('#post-grid-66   ').fadeIn();
      })
    </script>
    <style type="text/css">
      #post-grid-66 {
        display: none;
      }

      .post-grid-lazy {
        text-align: center;
      }
    </style>
    <div data-options='{&quot;id&quot;:&quot;66&quot;,&quot;lazy_load&quot;:&quot;yes&quot;,&quot;masonry_enable&quot;:&quot;no&quot;,&quot;view_type&quot;:&quot;grid&quot;}' id="post-grid-66" class="post-grid grid">
        <div class="grid-items">
      <div class="item item-210 skin flat even 0 ">
        <div class="layer-wrapper layout-71">
      <div class=" element_1679590396797"
  id="">
  <div class="element element_1679590441036  thumb_link ">
    <a target="_self" href="https://www.macardenete.com/climamodel/presentacion-sobre-el-impacto-de-la-subida-energetica-en-la-economia-espanola-en-el-congreso-ecomod/"><img decoding="async"
      alt="" src="https://www.macardenete.com/climamodel/wp-content/uploads/2023/05/money-g73303c8b2_1280-1-1024x661.jpg"></a>

  

</div>
<div class="element element_1679590450341  title_link ">
    <a target="_self"
    href="https://www.macardenete.com/climamodel/presentacion-sobre-el-impacto-de-la-subida-energetica-en-la-economia-espanola-en-el-congreso-ecomod/">Presentación sobre el impacto de la subida energética en la economía española en el congreso ECOMOD</a>
  </div>
</div>
    </div>
  </div><div class="item item-207 skin flat odd 1 ">
        <div class="layer-wrapper layout-71">
      <div class=" element_1679590396797"
  id="">
  <div class="element element_1679590441036  thumb_link ">
    <a target="_self" href="https://www.macardenete.com/climamodel/climamodel-presenta-un-estudio-sobre-el-impacto-de-la-sequia-en-espana/"><img decoding="async"
      alt="" src="https://www.macardenete.com/climamodel/wp-content/uploads/2023/05/4k-gf7bcfc1ef_1280-1-1024x682.jpg"></a>

  

</div>
<div class="element element_1679590450341  title_link ">
    <a target="_self"
    href="https://www.macardenete.com/climamodel/climamodel-presenta-un-estudio-sobre-el-impacto-de-la-sequia-en-espana/">Climamodel presenta un estudio sobre el impacto de la sequía en España</a>
  </div>
</div>
    </div>
  </div><div class="item item-202 skin flat even 2 ">
        <div class="layer-wrapper layout-71">
      <div class=" element_1679590396797"
  id="">
  <div class="element element_1679590441036  thumb_link ">
    <a target="_self" href="https://www.macardenete.com/climamodel/el-profesor-cardenete-impartira-un-modulo-sobre-input-output-y-matices-de-contabilidad-social-en-el-congreso-internacional-input-output-a-celebrar-en-cerdena-italia/"><img decoding="async"
      alt="" src="https://www.macardenete.com/climamodel/wp-content/uploads/2023/05/italy-gc80c641ac_1280-1-1024x654.jpg"></a>

  

</div>
<div class="element element_1679590450341  title_link ">
    <a target="_self"
    href="https://www.macardenete.com/climamodel/el-profesor-cardenete-impartira-un-modulo-sobre-input-output-y-matices-de-contabilidad-social-en-el-congreso-internacional-input-output-a-celebrar-en-cerdena-italia/">El Profesor Cardenete impartirá un módulo sobre Input-Output y Matices de Contabilidad Social en el Congreso Internacional Input-Output a celebrar en Cerdeña (Italia)</a>
  </div>
</div>
    </div>
  </div>    </div>
    <div class="pagination">
      <div class="paginate">
      </div>
  <style type="text/css">
    #post-grid-66 .pagination .page-numbers {
      font-size: 16px;
      color: #fff;
      background: #646464;
    }

    #post-grid-66 .pagination .page-numbers:hover,
    #post-grid-66 .pagination .page-numbers.current {
      background: #4b4b4b;
    }
  </style>
  </div>
  <style type="text/css">
  .layout-71 .element_1679590396797 {
      }

    </style>
  <style type="text/css">
.layout-71 .element_1679590441036 {
  overflow: hidden;
  }

.layout-71 .element_1679590441036 img {
  max-width: 100%;
  height: auto;
}

@media only screen and (min-width: 1024px) {
  .layout-71 .element_1679590441036 {
      }
}

@media only screen and (min-width: 768px) and (max-width: 1023px) {
  .layout-71 .element_1679590441036 {
      }
}

@media only screen and (min-width: 0px) and (max-width: 767px) {
  .layout-71 .element_1679590441036 {
      }
}
</style>
<style type="text/css">
.layout-71 .element_1679590450341 {
  text-align: left;
  }

.layout-71 .element_1679590450341 a {
  }
</style>


  

    <script>
          </script>
    <style type="text/css">
    #post-grid-66 {
          }

    #post-grid-66 .item {
      padding: 0px;
      background: #fff;
          }

    #post-grid-66 .item .layer-media {
      height:auto;    }

    @media only screen and (min-width: 0px) and (max-width: 767px) {
      #post-grid-66 .grid-items {
        display: grid;
        grid-template-columns: 1fr ;
        column-gap: 45px;
        row-gap: 45px;
              }

      #post-grid-66 .item {
        height:auto;      }
    }

    @media only screen and (min-width: 768px) and (max-width: 1023px) {
      #post-grid-66 .grid-items {
        display: grid;
        grid-template-columns: 1fr 1fr ;
        column-gap: 45px;
        row-gap: 45px;
              }

      #post-grid-66 .item {
        max-height:auto;      }
    }

    @media only screen and (min-width: 1024px) {
      #post-grid-66 .grid-items {
        display: grid;
        grid-template-columns: 1fr 1fr 1fr ;
        column-gap: 45px;
        row-gap: 45px;
              }

      #post-grid-66 .item {
        height:auto;      }
    }

      </style>
  </div>
</div>
</div>
</div>

<p>CLIMAMODEL, Modelización Multisectorial y Cambio Climático SEJ-511 WE ARE ClimaModel SEJ-511 is a Research Group supported by Junta de Andalucía (Andalusian Regional Government) in Spain since 2011, which includes researchers and professors from the Loyola University, Pablo de Olavide University, and University of Seville. The main research focuses on environmental issues, climate change, and public</p>
<a class="btn btn-primary read-more-button" href="https://www.macardenete.com/climamodel/el-profesor-cardenete-impartira-un-modulo-sobre-input-output-y-matices-de-contabilidad-social-en-el-congreso-internacional-input-output-a-celebrar-en-cerdena-italia/">Leer más...</a>
