{"id":14,"date":"2023-03-14T22:24:48","date_gmt":"2023-03-14T21:24:48","guid":{"rendered":"https:\/\/www.macardenete.com\/climamodel\/?page_id=14"},"modified":"2024-07-24T17:11:50","modified_gmt":"2024-07-24T15:11:50","slug":"publications-research","status":"publish","type":"page","link":"https:\/\/www.macardenete.com\/climamodel\/publications-research\/","title":{"rendered":"Publications &#038; Research"},"content":{"rendered":"<div class=\"container-fluid cabecera-imagen p-0\">\n<img loading=\"lazy\" decoding=\"async\" src=\"https:\/\/www.macardenete.com\/climamodel\/wp-content\/uploads\/2023\/04\/publications.jpg\" alt=\"\" width=\"1600\" height=\"729\" class=\"alignnone size-full wp-image-73\" \/>\n<\/div>\n<div class=\"container pagina-publicaciones\">\n<div class=\"row\">\n<div class=\"col-md-12 my-5\">\n<h1 class =\"text-center\">Publications &#038; Research<\/h1>\n<p class=\"text-center\"><img loading=\"lazy\" decoding=\"async\" src=\"https:\/\/www.macardenete.com\/climamodel\/wp-content\/uploads\/2023\/03\/separador-hoja.svg\" alt=\"\" width=\"72\" height=\"16\" class=\"alignnone size-full wp-image-75 text-center separador-hoja my-4 pb-1\" \/><\/p>\n<p class=\"texto small\"><b>Last 2 years<\/b><\/p>\n<acf-card-66a1191e87f42 class=\"acf-card acf-card--id--66a1191e87f42\"><div class=\"acf-card__items\"><acf-view-66a118db85772 class=\"acf-view acf-view--id--66a118db85772 acf-view--object-id--220\"><div class=\"acf-view__publicacion\">Assessing inequality and poverty in long-term growth projections: A general equilibrium analysis for six developing countries, Economic Modelling, 2022, 117, Roson, Roberto; Nekhay, Olexandr; Britz, Wolfgang; Jafari, Jaghoob<\/div><\/acf-view-66a118db85772><acf-view-66a118db85772 class=\"acf-view acf-view--id--66a118db85772 acf-view--object-id--224\"><div class=\"acf-view__publicacion\">Impacto econ\u00f3mico y social de la formalizaci\u00f3n laboral en M\u00e9xico, Cuadernos de Econom\u00eda, 2022, 41, 86, 185-212, Robles, David; Beltr\u00e1n-Jaimes, Luz Dary; Delgado-L\u00f3pez, Mar\u00eda Del Carmen\r<br\/><\/div><\/acf-view-66a118db85772><acf-view-66a118db85772 class=\"acf-view acf-view--id--66a118db85772 acf-view--object-id--225\"><div class=\"acf-view__publicacion\">Effectiveness of fertilizer policy reforms to enhance food security in Kenya: a macro\u00bfmicrosimulation analysis, Applied Economics, 2022, 54, 8, 841-861, Boulanger, Pierre; Dudu, Hasan; Ferrari, Emanuele; Mainar-Causap\u00e9, Alfredo Jos\u00e9; Ramos, Mar\u00eda Priscila\r<br\/><\/div><\/acf-view-66a118db85772><acf-view-66a118db85772 class=\"acf-view acf-view--id--66a118db85772 acf-view--object-id--226\"><div class=\"acf-view__publicacion\">The economic impact of a tourist tax in Andalusia examined through a price effect model, Applied Economics Letters, 2022, Villegas, Paula; Delgado-L\u00f3pez, Mar\u00eda Del Carmen; Cardenete-Flores, Manuel Alejandro\r<br\/><\/div><\/acf-view-66a118db85772><acf-view-66a118db85772 class=\"acf-view acf-view--id--66a118db85772 acf-view--object-id--227\"><div class=\"acf-view__publicacion\">Revisiting the determinants of sovereign debt ratings in Europe through artificial intelligence techniques, Applied Economics Letters, 2022, 1-4, Galnares-jim\u00e9nez-placer, Carlos; Martinez-Estudillo, Alfonso Carlos; Carbonero-Ruz, Mariano; CAMPOY-MU\u00d1OZ, MARIA DEL PILAR\r<br\/><\/div><\/acf-view-66a118db85772><acf-view-66a118db85772 class=\"acf-view acf-view--id--66a118db85772 acf-view--object-id--228\"><div class=\"acf-view__publicacion\">The economic impact of COVID-19 on cultural tourism: the case of Mosque-Cathedral of Cordoba, Spain, Current Issues in Tourism, 2022, CAMPOY-MU\u00d1OZ, MARIA DEL PILAR; Cardenete-Flores, Manuel Alejandro; Delgado-L\u00f3pez, Mar\u00eda Del Carmen; Arjona-Fuentes, Juan Manuel\r<br\/><\/div><\/acf-view-66a118db85772><acf-view-66a118db85772 class=\"acf-view acf-view--id--66a118db85772 acf-view--object-id--229\"><div class=\"acf-view__publicacion\">Trade liberalisation in Kenya: A modelling linkage for wheat and maize, African Journal of Agricultural and Resource Economics, 2022, 1, 1,1-30, Binfield, Julian; Boulanger, Pierre; Davids, Tracy; Dudu, Hasan; Ferrari, Emanuele; Mainar-Causap\u00e9, Alfredo Jos\u00e9\r<br\/><\/div><\/acf-view-66a118db85772><acf-view-66a118db85772 class=\"acf-view acf-view--id--66a118db85772 acf-view--object-id--230\"><div class=\"acf-view__publicacion\">General Equilibrium Effects of Investments in Education and Changes in the Labor Force Composition, European Journal of Development Studies, 2022, 2, 5, 61-70, Roson, Roberto\r<br\/><\/div><\/acf-view-66a118db85772><acf-view-66a118db85772 class=\"acf-view acf-view--id--66a118db85772 acf-view--object-id--232\"><div class=\"acf-view__publicacion\">Assessing the economic and environmental consequences of the COVID-19 tourism collapse in Andalusia: what lessons can we draw for South-East Asian regions?, Annals of Regional Science, 2022, 69, Roson, Roberto; Van Der Vorst, Camille\r<br\/><\/div><\/acf-view-66a118db85772><acf-view-66a118db85772 class=\"acf-view acf-view--id--66a118db85772 acf-view--object-id--233\"><div class=\"acf-view__publicacion\">Determinantes macroecon\u00f3micos del saldo promedio de las cuentas de jubilaci\u00f3n en M\u00e9xico, An\u00e1lisis Econ\u00f3mico, 2022, 37, 94, 23-41, Angeles-castro, Gerardo; Centeno -cruz, Lillian Marlen ; CAMPOY-MU\u00d1OZ, MARIA DEL PILAR\r<br\/><\/div><\/acf-view-66a118db85772><acf-view-66a118db85772 class=\"acf-view acf-view--id--66a118db85772 acf-view--object-id--234\"><div class=\"acf-view__publicacion\">How does fiscal austerity impact on poverty and inequality? The Spanish case, Economia Politica (Bologna. Testo Stampato), 2022, CAMPOY-MU\u00d1OZ, MARIA DEL PILAR; Cardenete-Flores, Manuel Alejandro; Miguel-v\u00e9lez, Francisco; Perez-mayo, Jesus\r<br\/><\/div><\/acf-view-66a118db85772><acf-view-66a118db85772 class=\"acf-view acf-view--id--66a118db85772 acf-view--object-id--235\"><div class=\"acf-view__publicacion\">A SAM approach for the analysis of small-scale forestry-based activities: A case study of a landowner cooperative for non-wooded products from Pinus pinea L. in southern Spain, Small-Scale Forestry, 2022, CAMPOY-MU\u00d1OZ, MARIA DEL PILAR; Cardenete-Flores, Manuel Alejandro; Perez-Hernandez, Pedro Pablo; Martin-Lozano, Jose \r<br\/><\/div><\/acf-view-66a118db85772><acf-view-66a118db85772 class=\"acf-view acf-view--id--66a118db85772 acf-view--object-id--236\"><div class=\"acf-view__publicacion\">The Bioeconomy in Spain as a New Economic Paradigm: The Role of Key Sectors with Different Approaches, Environment, Development and Sustainability, 2023, 1-25, Ferreira, Valeria; Pi\u00e9, Laia; Mainar-Causap\u00e9, Alfredo Jos\u00e9; Terce\u00f1o, Antonio\r<br\/><\/div><\/acf-view-66a118db85772><acf-view-66a118db85772 class=\"acf-view acf-view--id--66a118db85772 acf-view--object-id--237\"><div class=\"acf-view__publicacion\">Analysis of the Intersectoral Synchronization of the Mexican Economy, Structural Change and Economic Dynamics, 2023, 64, 223-235, Delgado-L\u00f3pez, Mar\u00eda Del Carmen; Fonseca-Zendejas, Alejandro\r<br\/><\/div><\/acf-view-66a118db85772><\/div><\/acf-card-66a1191e87f42><\/div>\n<\/div>\n<\/div>\n","protected":false},"excerpt":{"rendered":"<p>Publications &#038; Research Last 2 years<\/p>\n<a class=\"btn btn-primary read-more-button\" href=\"https:\/\/www.macardenete.com\/climamodel\/publications-research\/\">Leer m\u00e1s...<\/a>","protected":false},"author":1,"featured_media":0,"parent":0,"menu_order":0,"comment_status":"closed","ping_status":"closed","template":"pages-templates\/empty-page.php","meta":{"_acf_changed":false,"pgc_meta":"","inline_featured_image":false,"footnotes":""},"class_list":["post-14","page","type-page","status-publish","hentry"],"acf":[],"pgc_meta":"","_links":{"self":[{"href":"https:\/\/www.macardenete.com\/climamodel\/wp-json\/wp\/v2\/pages\/14","targetHints":{"allow":["GET"]}}],"collection":[{"href":"https:\/\/www.macardenete.com\/climamodel\/wp-json\/wp\/v2\/pages"}],"about":[{"href":"https:\/\/www.macardenete.com\/climamodel\/wp-json\/wp\/v2\/types\/page"}],"author":[{"embeddable":true,"href":"https:\/\/www.macardenete.com\/climamodel\/wp-json\/wp\/v2\/users\/1"}],"replies":[{"embeddable":true,"href":"https:\/\/www.macardenete.com\/climamodel\/wp-json\/wp\/v2\/comments?post=14"}],"version-history":[{"count":12,"href":"https:\/\/www.macardenete.com\/climamodel\/wp-json\/wp\/v2\/pages\/14\/revisions"}],"predecessor-version":[{"id":284,"href":"https:\/\/www.macardenete.com\/climamodel\/wp-json\/wp\/v2\/pages\/14\/revisions\/284"}],"wp:attachment":[{"href":"https:\/\/www.macardenete.com\/climamodel\/wp-json\/wp\/v2\/media?parent=14"}],"curies":[{"name":"wp","href":"https:\/\/api.w.org\/{rel}","templated":true}]}}

<div class="container-fluid cabecera-imagen p-0">
<img loading="lazy" decoding="async" src="https://www.macardenete.com/climamodel/wp-content/uploads/2023/04/publications.jpg" alt="" width="1600" height="729" class="alignnone size-full wp-image-73" />
</div>
<div class="container pagina-publicaciones">
<div class="row">
<div class="col-md-12 my-5">
<h1 class ="text-center">Publications &#038; Research</h1>
<p class="text-center"><img loading="lazy" decoding="async" src="https://www.macardenete.com/climamodel/wp-content/uploads/2023/03/separador-hoja.svg" alt="" width="72" height="16" class="alignnone size-full wp-image-75 text-center separador-hoja my-4 pb-1" /></p>
<p class="texto small"><b>Last 2 years</b></p>
<acf-card-66a1191e87f42 class="acf-card acf-card--id--66a1191e87f42"><div class="acf-card__items"><acf-view-66a118db85772 class="acf-view acf-view--id--66a118db85772 acf-view--object-id--220"><div class="acf-view__publicacion">Assessing inequality and poverty in long-term growth projections: A general equilibrium analysis for six developing countries, Economic Modelling, 2022, 117, Roson, Roberto; Nekhay, Olexandr; Britz, Wolfgang; Jafari, Jaghoob</div></acf-view-66a118db85772><acf-view-66a118db85772 class="acf-view acf-view--id--66a118db85772 acf-view--object-id--224"><div class="acf-view__publicacion">Impacto económico y social de la formalización laboral en México, Cuadernos de Economía, 2022, 41, 86, 185-212, Robles, David; Beltrán-Jaimes, Luz Dary; Delgado-López, María Del Carmen<br/></div></acf-view-66a118db85772><acf-view-66a118db85772 class="acf-view acf-view--id--66a118db85772 acf-view--object-id--225"><div class="acf-view__publicacion">Effectiveness of fertilizer policy reforms to enhance food security in Kenya: a macro¿microsimulation analysis, Applied Economics, 2022, 54, 8, 841-861, Boulanger, Pierre; Dudu, Hasan; Ferrari, Emanuele; Mainar-Causapé, Alfredo José; Ramos, María Priscila<br/></div></acf-view-66a118db85772><acf-view-66a118db85772 class="acf-view acf-view--id--66a118db85772 acf-view--object-id--226"><div class="acf-view__publicacion">The economic impact of a tourist tax in Andalusia examined through a price effect model, Applied Economics Letters, 2022, Villegas, Paula; Delgado-López, María Del Carmen; Cardenete-Flores, Manuel Alejandro<br/></div></acf-view-66a118db85772><acf-view-66a118db85772 class="acf-view acf-view--id--66a118db85772 acf-view--object-id--227"><div class="acf-view__publicacion">Revisiting the determinants of sovereign debt ratings in Europe through artificial intelligence techniques, Applied Economics Letters, 2022, 1-4, Galnares-jiménez-placer, Carlos; Martinez-Estudillo, Alfonso Carlos; Carbonero-Ruz, Mariano; CAMPOY-MUÑOZ, MARIA DEL PILAR<br/></div></acf-view-66a118db85772><acf-view-66a118db85772 class="acf-view acf-view--id--66a118db85772 acf-view--object-id--228"><div class="acf-view__publicacion">The economic impact of COVID-19 on cultural tourism: the case of Mosque-Cathedral of Cordoba, Spain, Current Issues in Tourism, 2022, CAMPOY-MUÑOZ, MARIA DEL PILAR; Cardenete-Flores, Manuel Alejandro; Delgado-López, María Del Carmen; Arjona-Fuentes, Juan Manuel<br/></div></acf-view-66a118db85772><acf-view-66a118db85772 class="acf-view acf-view--id--66a118db85772 acf-view--object-id--229"><div class="acf-view__publicacion">Trade liberalisation in Kenya: A modelling linkage for wheat and maize, African Journal of Agricultural and Resource Economics, 2022, 1, 1,1-30, Binfield, Julian; Boulanger, Pierre; Davids, Tracy; Dudu, Hasan; Ferrari, Emanuele; Mainar-Causapé, Alfredo José<br/></div></acf-view-66a118db85772><acf-view-66a118db85772 class="acf-view acf-view--id--66a118db85772 acf-view--object-id--230"><div class="acf-view__publicacion">General Equilibrium Effects of Investments in Education and Changes in the Labor Force Composition, European Journal of Development Studies, 2022, 2, 5, 61-70, Roson, Roberto<br/></div></acf-view-66a118db85772><acf-view-66a118db85772 class="acf-view acf-view--id--66a118db85772 acf-view--object-id--232"><div class="acf-view__publicacion">Assessing the economic and environmental consequences of the COVID-19 tourism collapse in Andalusia: what lessons can we draw for South-East Asian regions?, Annals of Regional Science, 2022, 69, Roson, Roberto; Van Der Vorst, Camille<br/></div></acf-view-66a118db85772><acf-view-66a118db85772 class="acf-view acf-view--id--66a118db85772 acf-view--object-id--233"><div class="acf-view__publicacion">Determinantes macroeconómicos del saldo promedio de las cuentas de jubilación en México, Análisis Económico, 2022, 37, 94, 23-41, Angeles-castro, Gerardo; Centeno -cruz, Lillian Marlen ; CAMPOY-MUÑOZ, MARIA DEL PILAR<br/></div></acf-view-66a118db85772><acf-view-66a118db85772 class="acf-view acf-view--id--66a118db85772 acf-view--object-id--234"><div class="acf-view__publicacion">How does fiscal austerity impact on poverty and inequality? The Spanish case, Economia Politica (Bologna. Testo Stampato), 2022, CAMPOY-MUÑOZ, MARIA DEL PILAR; Cardenete-Flores, Manuel Alejandro; Miguel-vélez, Francisco; Perez-mayo, Jesus<br/></div></acf-view-66a118db85772><acf-view-66a118db85772 class="acf-view acf-view--id--66a118db85772 acf-view--object-id--235"><div class="acf-view__publicacion">A SAM approach for the analysis of small-scale forestry-based activities: A case study of a landowner cooperative for non-wooded products from Pinus pinea L. in southern Spain, Small-Scale Forestry, 2022, CAMPOY-MUÑOZ, MARIA DEL PILAR; Cardenete-Flores, Manuel Alejandro; Perez-Hernandez, Pedro Pablo; Martin-Lozano, Jose <br/></div></acf-view-66a118db85772><acf-view-66a118db85772 class="acf-view acf-view--id--66a118db85772 acf-view--object-id--236"><div class="acf-view__publicacion">The Bioeconomy in Spain as a New Economic Paradigm: The Role of Key Sectors with Different Approaches, Environment, Development and Sustainability, 2023, 1-25, Ferreira, Valeria; Pié, Laia; Mainar-Causapé, Alfredo José; Terceño, Antonio<br/></div></acf-view-66a118db85772><acf-view-66a118db85772 class="acf-view acf-view--id--66a118db85772 acf-view--object-id--237"><div class="acf-view__publicacion">Analysis of the Intersectoral Synchronization of the Mexican Economy, Structural Change and Economic Dynamics, 2023, 64, 223-235, Delgado-López, María Del Carmen; Fonseca-Zendejas, Alejandro<br/></div></acf-view-66a118db85772></div></acf-card-66a1191e87f42></div>
</div>
</div>

<p>Publications &#038; Research Last 2 years</p>
<a class="btn btn-primary read-more-button" href="https://www.macardenete.com/climamodel/publications-research/">Leer más...</a>
